rime?
True
Is 1/5 + (-1692)/(-90) composite?
False
Suppose 4*a + 4*w = 2*w + 1522, 5*w = -2*a + 773. Is a a composite number?
False
Let h = 7 - 9. Let y = 22 + h. Suppose 5*p = y, m = -m + 4*p + 246. Is m composite?
False
Let q = 24 + -13. Let g be 17*q + 6/(-3). Suppose -4*f - 4*o = -112 - 248, -o + g = 2*f. Is f prime?
False
Let d(f) = -f**2 - 8*f - 2. Let h(y) = y**2 + y - 1. Let a(g) = d(g) + 4*h(g). Is a(7) prime?
True
Let h = -451 - -859. Let p = h - 266. Is p composite?
True
Suppose 3*m = 4*m + 34. Let w be (-4)/(-2) + 7 + -8. Let l = w - m. Is l a prime number?
False
Let z be 12/42 + (-388)/(-14). Let h = 61 - z. Is h prime?
False
Let c = 403 + -151. Suppose 4*d = -4*a + c, -4*d = -d - 15. Is a prime?
False
Suppose 0 = -2*q - 3*s + 5*s + 86, q - 51 = 3*s. Let b = -16 + q. Is b a prime number?
True
Suppose 0*m = m + 5*y - 81, 4*y = -5*m + 384. Let h = 163 - m. Is h prime?
False
Suppose p + 12 = -p. Let d(j) be the third derivative of j**6/120 + 3*j**5/20 + j**4/8 + 7*j**3/6 + 3*j**2. Is d(p) composite?
False
Let s be -359 - 2*3/(-2). Let p = s + 649. Is p composite?
False
Suppose 0 = -g + 5*k + 547 - 77, -10 = 2*k. Is g composite?
True
Let a = 6 + -6. Suppose 35 = i - 4*n + 2*n, a = 2*i + 2*n - 76. Is i a composite number?
False
Is (-107954)/(-44) + (-2)/4 a prime number?
False
Is (-8)/(-4) - 1 - -442 composite?
False
Suppose -i + 3 + 2 = 0. Suppose 2*w + 3*w - 158 = -y, -i*y = 2*w - 77. Is w composite?
False
Let k(x) be the second derivative of 7*x**4/4 - 2*x**3/3 + 3*x**2/2 + x. Is k(2) a composite number?
False
Let a(w) = -58*w - 19. Let b be a(-6). Let g = 700 - b. Is g prime?
False
Let z = 345 + -19. Suppose -2*l + z = -0*l. Is l a composite number?
False
Suppose -5*u + 2*m = -0*m - 1471, -4*u + 1172 = -4*m. Is u a prime number?
False
Let z be ((-1)/3)/(1/(-222)). Suppose 2*x = -46 - 16. Let k = x + z. Is k composite?
False
Is (-67)/(((-1)/6)/(3/6)) prime?
False
Let c(b) = -b**3 + 8*b**2 + 5*b - 15. Is c(7) a prime number?
False
Suppose -2*n - 2*j - 658 = 0, 0 = -3*j - 0*j - 3. Let r = n - -487. Is r prime?
False
Let j(y) = -1 + y - y + y**2 + 14*y**3 - 2*y. Let g be j(2). Suppose -43 = -2*h + g. Is h composite?
True
Let i = 2 + 4. Let k(u) = 7*u**3 - 11*u**2 - 12*u - 14. Let j(o) = 10*o**3 - 16*o**2 - 18*o - 21. Let d(s) = 5*j(s) - 7*k(s). Is d(i) composite?
True
Suppose -20 = -3*d + 1. Is 1101/d - 6/21 a prime number?
True
Suppose 0 = -5*x - p + 8366, -4*p - 1252 = -3*x + 3763. Is x a composite number?
True
Let m be 14/77 - 2/11. Suppose m = o - 62 + 25. Is o composite?
False
Let i = 92 + -8. Suppose -i = -4*d - 0. Is d a composite number?
True
Let b(f) be the third derivative of -11*f**4/12 - 5*f**3/6 - 2*f**2. Is b(-7) composite?
False
Suppose -b = -238 + 27. Is b composite?
False
Suppose -10 - 71 = -3*p. Suppose -3*i - 4*b + 26 = 0, 5*b + 2 = p. Suppose -2*t = -i - 10. Is t prime?
False
Let s be (-1)/(-3) - 20/(-12). Suppose s*j + 6 = k + 4*j, 5*j = 5*k + 15. Suppose -4*r = -z - 31, -r = -k*r - 4*z - 19. Is r composite?
False
Suppose 2*h - 5*c - 12856 = 0, -32161 = -5*h + 4*c - 2*c. Is h a composite number?
True
Let d(m) = -m**3 - 10*m**2 - 7*m + 5. Let i be d(-9). Is (-2)/i + (-5222)/(-26) a composite number?
True
Let b(z) = -2*z - 1. Let s be b(2). Let r be 8/s - 2/5. Is (-148)/6*3/r prime?
True
Suppose 6*f = f + 4765. Is f a composite number?
False
Let j be (-261)/(-6)*8/(-6). Let y = j + 125. Is y a composite number?
False
Let l = 3 - 1. Suppose 3*o = 4*j + 22 + 60, o + 5*j = l. Is o prime?
False
Let f(y) = -99*y + 9. Let d be f(7). Is (-14)/77 - d/11 a prime number?
False
Let k(a) = a**2 + 14*a + 30. Is k(13) composite?
True
Suppose -z - 2 = -4. Let l(c) = 2*c + 0*c**2 - 5 + 0 + 2*c**z. Is l(6) a prime number?
True
Suppose -5*s - r + 2700 = 4*r, -3*r = 4*s - 2155. Suppose -4*k - 220 = -2*u, -4*u - 5*k = u - s. Let v = -75 + u. Is v composite?
True
Suppose 3*b = 4*l + 266, 5*l = -0*l + 20. Let i = 181 - b. Is i a prime number?
False
Suppose 32 + 68 = 5*m. Is 327*(m/12)/5 a composite number?
False
Suppose -3 + 1 = -i. Suppose -105 = -i*x + 49. Is x a prime number?
False
Let r = 773 + -342. Is r prime?
True
Let i be ((-48)/2)/(-2 + 1). Let a = i - 15. Is a a composite number?
True
Let w(o) = o**2 + 8*o + 6. Let n be w(-8). Let m = 40 + n. Is m composite?
True
Suppose -3*k = 2*k - 875. Let w = k - 85. Suppose -3*o + 285 = w. Is o a prime number?
False
Let h(i) = -2*i**3 - i**2 + 5*i + 3. Let m = -1 - 4. Is h(m) prime?
False
Let i(b) = 5*b**2 - b + 25. Is i(7) a composite number?
False
Let q be (8/6)/((-8)/(-12)). Suppose -3*t + 357 = -q*x, -4*x = t + 2*t - 357. Is t prime?
False
Let b(h) = 8*h**2 - 6*h - 3. Let i(x) be the third derivative of -x**6/120 - x**5/15 + 5*x**4/24 - 2*x**3/3 + 2*x**2. Let k be i(-5). Is b(k) a prime number?
True
Let h(z) = -556*z + 5. Is h(-5) composite?
True
Suppose -2*z = -6*z + 12. Let i(v) = -2*v + 5*v - v**3 - 6 + z. Is i(-3) prime?
False
Let q be (6/4)/(3/(-4)). Is (2*q - -3)*-127 a prime number?
True
Is (-1)/(-4) + 107660/80 composite?
True
Let c(u) = -u**2 - 3*u. Let i(p) = -p**3 + 6*p**2 + 6*p + 4. Let j be i(7). Let m be c(j). Is m + (1 + 0)*79 composite?
False
Suppose -v = 3*v - 2*k - 254, 2*v = 5*k + 139. Let m = v + -2. Suppose -m = -2*a + 14. Is a a prime number?
True
Suppose 0*w - 2*w = 4*j - 42, -5*w = -4*j - 91. Is w a composite number?
False
Let o = -2 - -3. Suppose 4 = -4*q + y, 3*q + 16 = 8*q + 4*y. Suppose q = n - o - 2. Is n prime?
True
Suppose -5*h - 23 = 17. Let z(k) = -5*k + 7. Is z(h) composite?
False
Let o be -1*2 - (-8 - -4). Suppose o*s - 10 = -3*s. Suppose 3*j - 2*f - 207 = -4*f, 0 = 2*j + s*f - 138. Is j composite?
True
Let v be 1/(-2) - 1/(-2). Let l = 9 - v. Is l composite?
True
Suppose 5*j + 2*c - 314 = -c, 0 = 3*j + c - 190. Let h = j + -41. Suppose 0 = 2*f - h - 43. Is f a composite number?
True
Let b = 6 + -6. Suppose -5*i - 20 = b, -5*i = -3*o - 3*i + 209. Is o composite?
False
Let l = 4019 - 1252. Is l composite?
False
Let y = 1555 + -626. Is y a prime number?
True
Let w = 1391 - 342. Is w prime?
True
Is (213/(-18) + 3)*-6 a prime number?
True
Suppose 61 - 13 = 4*o. Suppose 58 = 5*a - o. Is a a prime number?
False
Suppose 6531 = 4*j + 4*x - 2817, 11673 = 5*j + 2*x. Is j composite?
False
Let y = 4 + 0. Suppose 132 = y*t - 0*t. Suppose g = -3*p + 32, 70 = 5*g - 4*p - t. Is g a prime number?
True
Let c(h) = -7*h + 15*h**2 + 0 - 21*h**2 - 6 - h**3. Let d be 5/2*(0 + -2). Is c(d) a composite number?
True
Let m be ((-12)/16)/((-1)/20). Suppose -2*l = -2*f + 4, -m = -6*f + 3*f. Suppose 0*y = -l*y + 66. Is y prime?
False
Let g(d) = d**2 + d + 5. Let p be g(0). Suppose 0 = j - p*j + 628. Is j a prime number?
True
Let p = -5 - 3. Let v be (-14)/(-8) - 2/p. Suppose -162 = -v*y + 4*f, 0 = 2*y - 4*y + 3*f + 166. Is y composite?
False
Suppose 3*g - 836 - 628 = 0. Suppose 3*m - g = -125. Suppose 0 = 2*r - m - 27. Is r a composite number?
True
Suppose 4*v = 3*z + 98, -4*z + 107 = 8*v - 3*v. Is v composite?
False
Is (844/(-12))/(2/(-6)) a composite number?
False
Is 2/4*(-3)/(6/(-4196)) prime?
True
Let t = 126 - -7. Is t a prime number?
False
Let y(d) = -86*d - 4. Is y(-3) prime?
False
Let i = -2 + 8. Let u(y) be the third derivative of -y**6/120 + 7*y**5/60 - y**4/12 - 5*y**3/6 + 2*y**2. Is u(i) prime?
True
Let k = 11 - 6. Suppose 3*t = -2*c + 95, -k*t + c + 159 = 5*c. Is t prime?
True
Suppose -3*u + 1395 = -1599. Is u a prime number?
False
Suppose 24*o = 26*o - 1042. Is o composite?
False
Let u(t) = t**3 + 2*t**2 - 4*t + 959. Is u(0) a prime number?
False
Suppose -5837 - 10393 = -6*d. Is d a prime number?
False
Let d(l) = 2*l**3 - 13*l**2 + 15*l - 11. Let n be d(10). Let r = n + -442. Is r prime?
True
Let m(o) = 3935*o**3 + 2*o**2 + o - 3. Is m(1) a composite number?
True
Let c(t) = -t**2 + 6*t - 4. Let b be c(4). Suppose -5*w - 3*i = -351, b*w + i = 287 - 9. Is w composite?
True
Let x be (-8589)/(-15) - 3/5. Suppose 0 = -h - 3*h + x. Is h a prime number?
False
Let v = 93 - 66. Suppose 142 = 5*k + v. Is k composite?
False
Suppose 3*u - 6 = -5*r + 4*r, -4*u - r = -8. Let s be 6*u*1/4. Suppose -s + 53 = 5*o. Is o composite?
True
Suppose -3*x + 59 = -85. Suppose -4*b + 5*z + 20 = -30, -z = 5*b - x. Is b prime?
False
Let c(b) = 4*b**2 - b. Let p be c(-1). Let z(j) = j**3 - 4*